{"id":70,"date":"2021-10-11T10:34:24","date_gmt":"2021-10-11T08:34:24","guid":{"rendered":"https:\/\/trenerkoperek.pl\/?page_id=70"},"modified":"2025-12-23T20:46:14","modified_gmt":"2025-12-23T19:46:14","slug":"o-mnie","status":"publish","type":"page","link":"https:\/\/trenerkoperek.pl\/index.php\/o-mnie\/","title":{"rendered":"O mnie"},"content":{"rendered":"\t\t<div data-elementor-type=\"wp-page\" data-elementor-id=\"70\" class=\"elementor elementor-70\" data-elementor-settings=\"[]\">\n\t\t\t\t\t\t\t<div class=\"elementor-section-wrap\">\n\t\t\t\t\t\t\t<section class=\"elementor-section elementor-top-section elementor-element elementor-element-46ccbd8b elementor-section-boxed elementor-section-height-default elementor-section-height-default\" data-id=\"46ccbd8b\" data-element_type=\"section\" data-settings=\"{&quot;background_background&quot;:&quot;classic&quot;}\">\n\t\t\t\t\t\t\t<div class=\"elementor-background-overlay\"><\/div>\n\t\t\t\t\t\t\t<div class=\"elementor-container elementor-column-gap-default\">\n\t\t\t\t\t<div class=\"elementor-column elementor-col-50 elementor-top-column elementor-element elementor-element-12263a50 elementor-invisible\" data-id=\"12263a50\" data-element_type=\"column\" data-settings=\"{&quot;animation&quot;:&quot;fadeInLeft&quot;}\">\n\t\t\t<div class=\"elementor-widget-wrap elementor-element-populated\">\n\t\t\t\t\t\t\t\t<div class=\"elementor-element elementor-element-2fe38b96 pp-dual-heading-inline-block elementor-widget elementor-widget-pp-dual-heading\" data-id=\"2fe38b96\" data-element_type=\"widget\" data-widget_type=\"pp-dual-heading.default\">\n\t\t\t\t<div class=\"elementor-widget-container\">\n\t\t\t\t\t\t<h1 class=\"pp-dual-heading\">\n\t\t\t\t\t\t\t\t\t<span class=\"pp-first-text\">\n\t\t\t\t\t\tO MNIE\t\t\t\t\t<\/span>\n\t\t\t\t\t\t\t\t<\/h1>\n\t\t\t\t\t<\/div>\n\t\t\t\t<\/div>\n\t\t\t\t<div class=\"elementor-element elementor-element-8abf70e elementor-widget elementor-widget-text-editor\" data-id=\"8abf70e\" data-element_type=\"widget\" data-widget_type=\"text-editor.default\">\n\t\t\t\t<div class=\"elementor-widget-container\">\n\t\t\t\t\t\t\t<p>Jestem absolwentem Akademii Wychowania Fizycznego w Krakowie. Uko\u0144czy\u0142em studia magisterskie na kierunku wychowanie-fizyczne ze specjalizacj\u0105 trenera personalnego.<\/p>\t\t\t\t\t\t<\/div>\n\t\t\t\t<\/div>\n\t\t\t\t\t<\/div>\n\t\t<\/div>\n\t\t\t\t<div class=\"elementor-column elementor-col-50 elementor-top-column elementor-element elementor-element-376c25\" data-id=\"376c25\" data-element_type=\"column\">\n\t\t\t<div class=\"elementor-widget-wrap elementor-element-populated\">\n\t\t\t\t\t\t\t\t<div class=\"elementor-element elementor-element-fc89ee2 elementor-widget__width-inherit elementor-fixed elementor-widget elementor-widget-image\" data-id=\"fc89ee2\" data-element_type=\"widget\" data-settings=\"{&quot;_position&quot;:&quot;fixed&quot;}\" data-widget_type=\"image.default\">\n\t\t\t\t<div class=\"elementor-widget-container\">\n\t\t\t\t\t\t\t\t\t\t\t\t\t\t\t<img loading=\"lazy\" decoding=\"async\" width=\"2644\" height=\"2100\" src=\"https:\/\/trenerkoperek.pl\/wp-content\/uploads\/2021\/08\/kop3.png\" class=\"attachment-full size-full\" alt=\"\" srcset=\"https:\/\/trenerkoperek.pl\/wp-content\/uploads\/2021\/08\/kop3.png 2644w, https:\/\/trenerkoperek.pl\/wp-content\/uploads\/2021\/08\/kop3-300x238.png 300w, https:\/\/trenerkoperek.pl\/wp-content\/uploads\/2021\/08\/kop3-1024x813.png 1024w, https:\/\/trenerkoperek.pl\/wp-content\/uploads\/2021\/08\/kop3-768x610.png 768w, https:\/\/trenerkoperek.pl\/wp-content\/uploads\/2021\/08\/kop3-1536x1220.png 1536w, https:\/\/trenerkoperek.pl\/wp-content\/uploads\/2021\/08\/kop3-2048x1627.png 2048w\" sizes=\"auto, (max-width: 2644px) 100vw, 2644px\" \/>\t\t\t\t\t\t\t\t\t\t\t\t\t\t\t<\/div>\n\t\t\t\t<\/div>\n\t\t\t\t\t<\/div>\n\t\t<\/div>\n\t\t\t\t\t\t\t<\/div>\n\t\t<\/section>\n\t\t\t\t<section class=\"elementor-section elementor-top-section elementor-element elementor-element-46a933f3 elementor-section-boxed elementor-section-height-default elementor-section-height-default elementor-invisible\" data-id=\"46a933f3\" data-element_type=\"section\" data-settings=\"{&quot;animation&quot;:&quot;fadeInUp&quot;}\">\n\t\t\t\t\t\t<div class=\"elementor-container elementor-column-gap-default\">\n\t\t\t\t\t<div class=\"elementor-column elementor-col-100 elementor-top-column elementor-element elementor-element-2bf98cf6\" data-id=\"2bf98cf6\" data-element_type=\"column\" data-settings=\"{&quot;background_background&quot;:&quot;classic&quot;}\">\n\t\t\t<div class=\"elementor-widget-wrap elementor-element-populated\">\n\t\t\t\t\t\t\t\t<section class=\"elementor-section elementor-inner-section elementor-element elementor-element-42648d88 elementor-section-boxed elementor-section-height-default elementor-section-height-default\" data-id=\"42648d88\" data-element_type=\"section\">\n\t\t\t\t\t\t<div class=\"elementor-container elementor-column-gap-default\">\n\t\t\t\t\t<div class=\"elementor-column elementor-col-25 elementor-inner-column elementor-element elementor-element-7b5992d7\" data-id=\"7b5992d7\" data-element_type=\"column\">\n\t\t\t<div class=\"elementor-widget-wrap elementor-element-populated\">\n\t\t\t\t\t\t\t\t<div class=\"elementor-element elementor-element-1f5efbd7 elementor-widget elementor-widget-counter\" data-id=\"1f5efbd7\" data-element_type=\"widget\" data-widget_type=\"counter.default\">\n\t\t\t\t<div class=\"elementor-widget-container\">\n\t\t\t\t\t<div class=\"elementor-counter\">\n\t\t\t<div class=\"elementor-counter-number-wrapper\">\n\t\t\t\t<span class=\"elementor-counter-number-prefix\"><\/span>\n\t\t\t\t<span class=\"elementor-counter-number\" data-duration=\"2000\" data-to-value=\"9\" data-from-value=\"0\" data-delimiter=\",\">0<\/span>\n\t\t\t\t<span class=\"elementor-counter-number-suffix\">+<\/span>\n\t\t\t<\/div>\n\t\t\t\t\t\t\t<div class=\"elementor-counter-title\">LAT DO\u015aWIADCZENIA<\/div>\n\t\t\t\t\t<\/div>\n\t\t\t\t<\/div>\n\t\t\t\t<\/div>\n\t\t\t\t\t<\/div>\n\t\t<\/div>\n\t\t\t\t<div class=\"elementor-column elementor-col-25 elementor-inner-column elementor-element elementor-element-3325ddd9\" data-id=\"3325ddd9\" data-element_type=\"column\">\n\t\t\t<div class=\"elementor-widget-wrap elementor-element-populated\">\n\t\t\t\t\t\t\t\t<div class=\"elementor-element elementor-element-5f308cd6 elementor-widget elementor-widget-counter\" data-id=\"5f308cd6\" data-element_type=\"widget\" data-widget_type=\"counter.default\">\n\t\t\t\t<div class=\"elementor-widget-container\">\n\t\t\t\t\t<div class=\"elementor-counter\">\n\t\t\t<div class=\"elementor-counter-number-wrapper\">\n\t\t\t\t<span class=\"elementor-counter-number-prefix\"><\/span>\n\t\t\t\t<span class=\"elementor-counter-number\" data-duration=\"2000\" data-to-value=\"12\" data-from-value=\"0\" data-delimiter=\",\">0<\/span>\n\t\t\t\t<span class=\"elementor-counter-number-suffix\">+<\/span>\n\t\t\t<\/div>\n\t\t\t\t\t\t\t<div class=\"elementor-counter-title\">LAT TRENOWANIA<\/div>\n\t\t\t\t\t<\/div>\n\t\t\t\t<\/div>\n\t\t\t\t<\/div>\n\t\t\t\t\t<\/div>\n\t\t<\/div>\n\t\t\t\t<div class=\"elementor-column elementor-col-25 elementor-inner-column elementor-element elementor-element-6e32fafb\" data-id=\"6e32fafb\" data-element_type=\"column\">\n\t\t\t<div class=\"elementor-widget-wrap elementor-element-populated\">\n\t\t\t\t\t\t\t\t<div class=\"elementor-element elementor-element-1cbc14a0 elementor-widget elementor-widget-counter\" data-id=\"1cbc14a0\" data-element_type=\"widget\" data-widget_type=\"counter.default\">\n\t\t\t\t<div class=\"elementor-widget-container\">\n\t\t\t\t\t<div class=\"elementor-counter\">\n\t\t\t<div class=\"elementor-counter-number-wrapper\">\n\t\t\t\t<span class=\"elementor-counter-number-prefix\"><\/span>\n\t\t\t\t<span class=\"elementor-counter-number\" data-duration=\"2000\" data-to-value=\"400\" data-from-value=\"0\" data-delimiter=\",\">0<\/span>\n\t\t\t\t<span class=\"elementor-counter-number-suffix\">+<\/span>\n\t\t\t<\/div>\n\t\t\t\t\t\t\t<div class=\"elementor-counter-title\">PODOPIECZNYCH<\/div>\n\t\t\t\t\t<\/div>\n\t\t\t\t<\/div>\n\t\t\t\t<\/div>\n\t\t\t\t\t<\/div>\n\t\t<\/div>\n\t\t\t\t<div class=\"elementor-column elementor-col-25 elementor-inner-column elementor-element elementor-element-2a4b057\" data-id=\"2a4b057\" data-element_type=\"column\">\n\t\t\t<div class=\"elementor-widget-wrap elementor-element-populated\">\n\t\t\t\t\t\t\t\t<div class=\"elementor-element elementor-element-5172f932 elementor-widget elementor-widget-counter\" data-id=\"5172f932\" data-element_type=\"widget\" data-widget_type=\"counter.default\">\n\t\t\t\t<div class=\"elementor-widget-container\">\n\t\t\t\t\t<div class=\"elementor-counter\">\n\t\t\t<div class=\"elementor-counter-number-wrapper\">\n\t\t\t\t<span class=\"elementor-counter-number-prefix\"><\/span>\n\t\t\t\t<span class=\"elementor-counter-number\" data-duration=\"2000\" data-to-value=\"15\" data-from-value=\"0\" data-delimiter=\",\">0<\/span>\n\t\t\t\t<span class=\"elementor-counter-number-suffix\">+<\/span>\n\t\t\t<\/div>\n\t\t\t\t\t\t\t<div class=\"elementor-counter-title\">NAGR\u00d3D I WYR\u00d3\u017bNIE\u0143<\/div>\n\t\t\t\t\t<\/div>\n\t\t\t\t<\/div>\n\t\t\t\t<\/div>\n\t\t\t\t\t<\/div>\n\t\t<\/div>\n\t\t\t\t\t\t\t<\/div>\n\t\t<\/section>\n\t\t\t\t\t<\/div>\n\t\t<\/div>\n\t\t\t\t\t\t\t<\/div>\n\t\t<\/section>\n\t\t\t\t<section class=\"elementor-section elementor-top-section elementor-element elementor-element-15fcc2bf elementor-section-boxed elementor-section-height-default elementor-section-height-default\" data-id=\"15fcc2bf\" data-element_type=\"section\">\n\t\t\t\t\t\t<div class=\"elementor-container elementor-column-gap-default\">\n\t\t\t\t\t<div class=\"elementor-column elementor-col-100 elementor-top-column elementor-element elementor-element-51c3029\" data-id=\"51c3029\" data-element_type=\"column\" data-settings=\"{&quot;animation&quot;:&quot;none&quot;}\">\n\t\t\t<div class=\"elementor-widget-wrap elementor-element-populated\">\n\t\t\t\t\t\t\t\t<section class=\"elementor-section elementor-inner-section elementor-element elementor-element-1c8d0dc6 elementor-section-boxed elementor-section-height-default elementor-section-height-default\" data-id=\"1c8d0dc6\" data-element_type=\"section\">\n\t\t\t\t\t\t<div class=\"elementor-container elementor-column-gap-default\">\n\t\t\t\t\t<div class=\"elementor-column elementor-col-50 elementor-inner-column elementor-element elementor-element-5977baa7 elementor-invisible\" data-id=\"5977baa7\" data-element_type=\"column\" data-settings=\"{&quot;animation&quot;:&quot;fadeInLeft&quot;}\">\n\t\t\t<div class=\"elementor-widget-wrap elementor-element-populated\">\n\t\t\t\t\t\t\t\t<div class=\"elementor-element elementor-element-779aca36 elementor-widget elementor-widget-image\" data-id=\"779aca36\" data-element_type=\"widget\" data-widget_type=\"image.default\">\n\t\t\t\t<div class=\"elementor-widget-container\">\n\t\t\t\t\t\t\t\t\t\t\t\t\t\t\t<img loading=\"lazy\" decoding=\"async\" width=\"556\" height=\"456\" src=\"https:\/\/trenerkoperek.pl\/wp-content\/uploads\/2021\/10\/KopereStrona1.jpg\" class=\"attachment-full size-full\" alt=\"\" srcset=\"https:\/\/trenerkoperek.pl\/wp-content\/uploads\/2021\/10\/KopereStrona1.jpg 556w, https:\/\/trenerkoperek.pl\/wp-content\/uploads\/2021\/10\/KopereStrona1-300x246.jpg 300w\" sizes=\"auto, (max-width: 556px) 100vw, 556px\" \/>\t\t\t\t\t\t\t\t\t\t\t\t\t\t\t<\/div>\n\t\t\t\t<\/div>\n\t\t\t\t<div class=\"elementor-element elementor-element-35dfa24e elementor-invisible elementor-widget elementor-widget-spacer\" data-id=\"35dfa24e\" data-element_type=\"widget\" data-settings=\"{&quot;_animation&quot;:&quot;fadeIn&quot;,&quot;_animation_delay&quot;:500}\" data-widget_type=\"spacer.default\">\n\t\t\t\t<div class=\"elementor-widget-container\">\n\t\t\t\t\t<div class=\"elementor-spacer\">\n\t\t\t<div class=\"elementor-spacer-inner\"><\/div>\n\t\t<\/div>\n\t\t\t\t<\/div>\n\t\t\t\t<\/div>\n\t\t\t\t\t<\/div>\n\t\t<\/div>\n\t\t\t\t<div class=\"elementor-column elementor-col-50 elementor-inner-column elementor-element elementor-element-5d6bb479\" data-id=\"5d6bb479\" data-element_type=\"column\">\n\t\t\t<div class=\"elementor-widget-wrap elementor-element-populated\">\n\t\t\t\t\t\t\t\t<div class=\"elementor-element elementor-element-4ccde730 pp-dual-heading-inline-block elementor-widget elementor-widget-pp-dual-heading\" data-id=\"4ccde730\" data-element_type=\"widget\" data-widget_type=\"pp-dual-heading.default\">\n\t\t\t\t<div class=\"elementor-widget-container\">\n\t\t\t\t\t\t<h2 class=\"pp-dual-heading\">\n\t\t\t\t\t\t\t\t\t<span class=\"pp-first-text\">\n\t\t\t\t\t\tMICHA\u0141 KOPEREK\t\t\t\t\t<\/span>\n\t\t\t\t\t\t\t\t\t\t<span class=\"pp-second-text\">\n\t\t\t\t\t\tPrzebieg kariery zawodowej\t\t\t\t\t<\/span>\n\t\t\t\t\t\t\t\t<\/h2>\n\t\t\t\t\t<\/div>\n\t\t\t\t<\/div>\n\t\t\t\t<div class=\"elementor-element elementor-element-4de4ede9 elementor-widget elementor-widget-text-editor\" data-id=\"4de4ede9\" data-element_type=\"widget\" data-widget_type=\"text-editor.default\">\n\t\t\t\t<div class=\"elementor-widget-container\">\n\t\t\t\t\t\t\t<p>Jestem absolwentem Akademii Wychowania Fizycznego w Krakowie. Uko\u0144czy\u0142em studia magisterskie na kierunku wychowanie-fizyczne ze specjalizacj\u0105 trenera personalnego.<\/p><p>Od 2015 roku jestem czynnym trenerem personalnym i pomog\u0142em ju\u017c ponad 400 osobom zmieni\u0107 swoj\u0105 sylwetk\u0119. Wsp\u00f3\u0142pracuj\u0105c z lekarzem ortoped\u0105 oraz fizjoterapeut\u0105, pomog\u0142em tak\u017ce cz\u0119\u015bci z moich podopiecznych wr\u00f3ci\u0107 do zdrowia po r\u00f3\u017cnych urazach.<\/p><p>Interesuj\u0119 si\u0119 \u015bwiatem fitness oraz kulturystyk\u0105 od 16 roku \u017cycia. M\u00f3j sta\u017c treningowy na si\u0142owni to ponad 10 lat. Wiele czytam na temat szeroko poj\u0119tego zdrowia \/ zdrowego stylu \u017cycia. Jest to moj\u0105 pasj\u0105 i cechuje mnie nieustanna ch\u0119\u0107 rozwoju osobistego.<\/p><p>Dzi\u0119ki studiowaniu nauczy\u0142em si\u0119 korzystania z fachowych \u017ar\u00f3de\u0142 wiedzy, a znacz\u0105 ich cz\u0119\u015bci\u0105 dziel\u0119 si\u0119 tworz\u0105c r\u00f3\u017cnego rodzaju wpisy na swoich mediach spo\u0142eczno\u015bciowych oraz blogu.<br \/>Ponad to mia\u0142em debiut na zawodach w kulturystyce klasycznej federacji WPF oraz uda\u0142o mi si\u0119 zosta\u0107 finalist\u0105 Uniwersyteckich Mistrzostw Polski w Krakowie w roku 2016, zajmuj\u0105c tam 6 miejsce.<br \/><br \/>Pasj\u0105 do zdrowego stylu \u017cycia mia\u0142em okazj\u0119 dzieli\u0107 si\u0119 z dzie\u0107mi Szko\u0142y Podstawowej im. Rotmistrza Witolda Pileckiego w Kierzu Nied\u017awiedzim \u2013 prowadz\u0105c wyk\u0142ad o roli zdrowego od\u017cywiania i aktywno\u015bci fizycznej w kontek\u015bcie kszta\u0142towania dobrych nawyk\u00f3w na przysz\u0142o\u015b\u0107.<\/p>\t\t\t\t\t\t<\/div>\n\t\t\t\t<\/div>\n\t\t\t\t\t<\/div>\n\t\t<\/div>\n\t\t\t\t\t\t\t<\/div>\n\t\t<\/section>\n\t\t\t\t\t<\/div>\n\t\t<\/div>\n\t\t\t\t\t\t\t<\/div>\n\t\t<\/section>\n\t\t\t\t<section class=\"elementor-section elementor-top-section elementor-element elementor-element-6f5b5c5b elementor-section-boxed elementor-section-height-default elementor-section-height-default\" data-id=\"6f5b5c5b\" data-element_type=\"section\">\n\t\t\t\t\t\t<div class=\"elementor-container elementor-column-gap-default\">\n\t\t\t\t\t<div class=\"elementor-column elementor-col-100 elementor-top-column elementor-element elementor-element-3d82a1b5\" data-id=\"3d82a1b5\" data-element_type=\"column\">\n\t\t\t<div class=\"elementor-widget-wrap elementor-element-populated\">\n\t\t\t\t\t\t\t\t<section class=\"elementor-section elementor-inner-section elementor-element elementor-element-4f4e9757 elementor-section-boxed elementor-section-height-default elementor-section-height-default\" data-id=\"4f4e9757\" data-element_type=\"section\">\n\t\t\t\t\t\t<div class=\"elementor-container elementor-column-gap-default\">\n\t\t\t\t\t<div class=\"elementor-column elementor-col-100 elementor-inner-column elementor-element elementor-element-7b74696\" data-id=\"7b74696\" data-element_type=\"column\">\n\t\t\t<div class=\"elementor-widget-wrap\">\n\t\t\t\t\t\t\t\t\t<\/div>\n\t\t<\/div>\n\t\t\t\t\t\t\t<\/div>\n\t\t<\/section>\n\t\t\t\t<section class=\"elementor-section elementor-inner-section elementor-element elementor-element-48dcfc46 elementor-section-boxed elementor-section-height-default elementor-section-height-default\" data-id=\"48dcfc46\" data-element_type=\"section\">\n\t\t\t\t\t\t<div class=\"elementor-container elementor-column-gap-default\">\n\t\t\t\t\t<div class=\"elementor-column elementor-col-100 elementor-inner-column elementor-element elementor-element-5c070f70\" data-id=\"5c070f70\" data-element_type=\"column\">\n\t\t\t<div class=\"elementor-widget-wrap elementor-element-populated\">\n\t\t\t\t\t\t\t\t<div class=\"elementor-element elementor-element-70d881a7 elementor-widget elementor-widget-text-editor\" data-id=\"70d881a7\" data-element_type=\"widget\" data-widget_type=\"text-editor.default\">\n\t\t\t\t<div class=\"elementor-widget-container\">\n\t\t\t\t\t\t\t<p align=\"justify\">Od czerwca 2017 do ko\u0144ca 2025 roku pracowa\u0142em na si\u0142owni w Klubie Fitness Kwadrat w Krakowie w charakterze instruktora si\u0142owni oraz trenera personalnego. W trakcie mojej wieloletniej pracy odnios\u0142em kilka zawodowych sukces\u00f3w. Najwi\u0119kszym z nich by\u0142a pomoc w przywr\u00f3ceniu sprawno\u015bci fizycznej Adrianowi &#8211; \u017co\u0142nierzowi, kt\u00f3ry prze\u017cy\u0142 gro\u017any wypadek podczas skoku spadochronowego, w wyniku czego dosz\u0142o do licznych uszkodze\u0144 aparatu ruchu.<br>Dzi\u0119ki podj\u0119tej holistycznej opiece i wsp\u00f3\u0142pracy z lekarzem ortoped\u0105, fizjoterapeut\u0105 oraz prowadzonym przeze mnie treningom, Adrian odzyska\u0142 pe\u0142n\u0105 sprawno\u015b\u0107, rozumian\u0105 jako przywr\u00f3cenie prawid\u0142owych wzorc\u00f3w ruchowych, odbudowanie si\u0142y i stabilno\u015b\u0107 ko\u0144czyn dolnych.<br>Po ponad p\u00f3\u0142rocznym okresie rehabilitacji i trening\u00f3w, Adrian powr\u00f3ci\u0142 do s\u0142u\u017cby. Po kolejnych 6 miesi\u0105cach by\u0142 w stanie ponownie skaka\u0107 ze spadochronem!<\/p>\n<p align=\"justify\">W czerwcu 2019 roku, do\u0142\u0105czy\u0142em r\u00f3wnie\u017c do zespo\u0142u Nowa Ortopedia w Szpitalu Dworska. Wsp\u00f3\u0142pracuj\u0105c z lekarzem chirurgiem ortoped\u0105 oraz fizjoterapeut\u0105, przeprowadza\u0142em \u201etreningi medyczne\u201d maj\u0105ce na celu powr\u00f3t do sprawno\u015bci ruchowej osobom po przebytych r\u00f3\u017cnych urazach<br>i\/lub operacjach g\u0142\u00f3wnie staw\u00f3w barkowych i kolanowych.<\/p>\n<p align=\"justify\">W lipcu 2019 roku w klubie Fitness Academy King Square podj\u0105\u0142em rol\u0119 szkoleniowca. Przeprowadzi\u0142em cz\u0119\u015b\u0107 teoretyczn\u0105 i praktyczn\u0105 kursu trenera personalnego dla kursant\u00f3w Akademii Mistrzostwa Sportowego.<\/p>\n<p align=\"justify\">Aktualnie prowadz\u0119 jednoosobow\u0105 dzia\u0142alno\u015b\u0107 gospodarcz\u0105 \u2013 prowadz\u0105c treningi personalne na terenie Krakowa (Mistrzejowice, Pr\u0105dnik Czerwony, Bie\u0144czyce, Czy\u017cyny, Nowa Huta), g\u0142\u00f3wnie w XXS GYM przy ulicy bohater\u00f3w wrze\u015bnia 2a.<br>Mam r\u00f3wnie\u017c zaszczyt by\u0107 g\u0142\u00f3wnym prowadz\u0105cym i egzaminatorem kursu na trenera personalnego dla firmy TEB Edukacja.<\/p>\t\t\t\t\t\t<\/div>\n\t\t\t\t<\/div>\n\t\t\t\t\t<\/div>\n\t\t<\/div>\n\t\t\t\t\t\t\t<\/div>\n\t\t<\/section>\n\t\t\t\t\t<\/div>\n\t\t<\/div>\n\t\t\t\t\t\t\t<\/div>\n\t\t<\/section>\n\t\t\t\t\t\t<\/div>\n\t\t\t\t\t<\/div>\n\t\t","protected":false},"excerpt":{"rendered":"<p>O MNIE Jestem absolwentem Akademii Wychowania Fizycznego w Krakowie. Uko\u0144czy\u0142em studia magisterskie na kierunku wychowanie-fizyczne ze specjalizacj\u0105 trenera personalnego. 0 + LAT DO\u015aWIADCZENIA 0 + LAT TRENOWANIA 0 + PODOPIECZNYCH 0 + NAGR\u00d3D I WYR\u00d3\u017bNIE\u0143 MICHA\u0141 KOPEREK Przebieg kariery zawodowej Jestem absolwentem Akademii Wychowania Fizycznego w Krakowie. Uko\u0144czy\u0142em studia magisterskie na kierunku wychowanie-fizyczne ze specjalizacj\u0105 [&hellip;]<\/p>\n","protected":false},"author":1,"featured_media":0,"parent":0,"menu_order":0,"comment_status":"closed","ping_status":"closed","template":"","meta":{"footnotes":""},"class_list":["post-70","page","type-page","status-publish","hentry"],"_links":{"self":[{"href":"https:\/\/trenerkoperek.pl\/index.php\/wp-json\/wp\/v2\/pages\/70","targetHints":{"allow":["GET"]}}],"collection":[{"href":"https:\/\/trenerkoperek.pl\/index.php\/wp-json\/wp\/v2\/pages"}],"about":[{"href":"https:\/\/trenerkoperek.pl\/index.php\/wp-json\/wp\/v2\/types\/page"}],"author":[{"embeddable":true,"href":"https:\/\/trenerkoperek.pl\/index.php\/wp-json\/wp\/v2\/users\/1"}],"replies":[{"embeddable":true,"href":"https:\/\/trenerkoperek.pl\/index.php\/wp-json\/wp\/v2\/comments?post=70"}],"version-history":[{"count":98,"href":"https:\/\/trenerkoperek.pl\/index.php\/wp-json\/wp\/v2\/pages\/70\/revisions"}],"predecessor-version":[{"id":976,"href":"https:\/\/trenerkoperek.pl\/index.php\/wp-json\/wp\/v2\/pages\/70\/revisions\/976"}],"wp:attachment":[{"href":"https:\/\/trenerkoperek.pl\/index.php\/wp-json\/wp\/v2\/media?parent=70"}],"curies":[{"name":"wp","href":"https:\/\/api.w.org\/{rel}","templated":true}]}}